ue
Let x = 33546 + -17207. Is x a composite number?
False
Let a = 27 + -12. Let p be a/(-9) - 16/(-24). Is (-1 + -4)/(p/263) a prime number?
False
Suppose 2*j = -13*j + 124725. Is j a composite number?
True
Let n(b) = 164 + 2*b**3 + 7*b - 6*b**2 - 165 + 0*b**3. Is n(5) prime?
False
Let b = 5698 + -1700. Suppose -4*t + b = -830. Is t prime?
False
Suppose -123*u + 115*u + 177176 = 0. Is u prime?
True
Let f(i) = 6*i**2 + 16*i - 9. Is f(5) composite?
True
Let w = 3693 + 7618. Is w a prime number?
True
Suppose -5*k + 23 = 2*g, -4*g + 14 = 4*k - 2. Suppose 7*c - 3*x = 6*c + 1696, c + k*x - 1688 = 0. Is c prime?
True
Let h = 4822 + -2289. Is h composite?
True
Let b be (0 - -3)/(-2 - -1). Let t be (-6395)/20 + b/(-4). Let j = -176 - t. Is j prime?
False
Suppose 0 = -4*y + 5*v + 38886, 4*v + 122 = -2*y + 19552. Is y prime?
True
Let a = -884 - -247. Let x = -334 - a. Is x a prime number?
False
Suppose -26618 = 15*u - 17*u. Is u a composite number?
False
Let i(n) = -4*n**3 - 10*n**2 - 4*n - 8. Let w(y) = 3*y**3 + 9*y**2 + 4*y + 7. Let o(h) = 6*i(h) + 7*w(h). Let t be o(6). Let a = t - -1252. Is a prime?
False
Let j(r) = -49*r - 12. Suppose 4*y - 5*t = 5*y + 15, -5*t + 5 = 5*y. Let l = y + -12. Is j(l) composite?
False
Suppose 7*o - 61093 - 62856 = 0. Is o composite?
False
Let k be (-7)/28 - 158/8. Let w = -19 - k. Is w/(-2)*(-730 - 16) prime?
True
Is (37768/(-6))/2*(-183)/122 composite?
False
Let h be (-2)/(-6)*(-4479)/(-1). Suppose -2*t - h = -3615. Is t composite?
False
Suppose 0 = -x + 6 + 24. Suppose -16 = -5*r + 3*f, 2*f + 5 - 9 = -4*r. Suppose i - x = -r*i. Is i a prime number?
False
Let a be 7/(-10 - -3) - (13 + -1). Let d(m) = 21*m + 53. Let k(g) = 10*g + 27. Let i(l) = 4*d(l) - 9*k(l). Is i(a) composite?
False
Suppose -12*t = -16*t - 116. Let l = 17 + t. Let z(n) = -45*n + 5. Is z(l) prime?
False
Suppose -27239 = -z - 52. Is z composite?
True
Let y(f) = 15*f**2 + 63*f - 57. Is y(26) composite?
True
Suppose -5*r = -2*b + 1821 + 1898, 9347 = 5*b + 4*r. Is b a prime number?
True
Suppose -7*a + 2*a - 195 = 0. Let c be (-52)/a + (-4)/3. Suppose c = 2*s + 5*b - 18, -3*b = 5*s - 58 - 25. Is s a prime number?
True
Let o(x) = 2*x**2 + 6*x - 29. Is o(-22) a composite number?
True
Suppose 0 = d + 3*d - g - 11, 3*d = 2*g + 12. Suppose -x - 22 = 5*q, x - q = -d*q - 2. Suppose 424 = 2*r - 5*f + 3*f, 2*r = x*f + 427. Is r prime?
False
Let l(h) = h - 8. Let q be l(10). Suppose 5*b - q*f - 162 = 0, -4*b + 0*b + 4*f = -132. Suppose 6*a - 3*a - 90 = -3*i, -a + i = -b. Is a prime?
True
Let u = 25040 + -10263. Is u prime?
False
Let g = 19 + 39. Is g composite?
True
Let v be (1 - -1) + (-8)/(-16)*-932. Let n(l) = 58*l**2 + 3*l - 4. Let z be n(-5). Let k = v + z. Is k prime?
True
Let c = -24794 + 37237. Is c a prime number?
False
Let o(q) = 368*q**2 + 5*q + 2. Is o(-3) composite?
False
Suppose 15630 = -33*w + 36*w. Let k = w + -3051. Is k a prime number?
False
Suppose 132 = 4*k - 2*b + 12, b - 24 = -k. Let z = 9 - k. Is z/(4/(-3) - -1) composite?
True
Let a = 11595 + -3524. Is a a composite number?
True
Let x(a) = 8813*a**3 - 4*a**2 + 13*a + 6. Let j(n) = 5875*n**3 - 3*n**2 + 9*n + 4. Let k(m) = 7*j(m) - 5*x(m). Is k(-1) composite?
False
Is ((88/(-12))/11)/(4/(-86838)) prime?
False
Let g(w) be the second derivative of w**4/3 - w**3/6 - 2*w**2 + 17*w. Is g(5) prime?
False
Let n be 0 + 1 - (-4 + 3). Let w(u) = 84 + 0*u**3 - n*u**3 - 29 + u**3. Is w(0) a composite number?
True
Let h = 564 - 127. Is h composite?
True
Let z = -24 + 26. Suppose 4*u = -3*h + 79, z*u - 40 = 4*h - 6*h. Let g = 15 + u. Is g prime?
False
Suppose 0*w = -15*w + 16725. Is w a prime number?
False
Suppose 67 = 9*x - 23. Let f(d) = -d**3 + 12*d**2 + 9*d + 3. Is f(x) a composite number?
False
Suppose 0 = -70*t + 74*t - 1172. Is t a prime number?
True
Let t = -121 + 314. Let b = 280 - t. Is b a prime number?
False
Let j(q) = -q**3 + 18*q**2 - 15*q + 5. Let c(d) = d**3 - 18*d**2 + 16*d - 6. Let m(l) = 3*c(l) + 4*j(l). Is m(15) a composite number?
True
Suppose -i + 8*x + 681 = 4*x, -4*i + 4*x = -2760. Let p be (-147)/(-12) - 2/8. Suppose k + 3*t = 4*k - i, 3*t - p = 0. Is k a composite number?
True
Let b = -4 - -4. Suppose -2*k + 7 + 7 = b. Suppose -k*w + 526 = -5*w. Is w prime?
True
Suppose 2*t + 3*g - 40 = 0, 33 = 4*t - 4*g - 47. Let c = 15 + t. Is c composite?
True
Let g(m) = 208*m**2 + 2*m - 1. Is g(5) a composite number?
False
Let y(s) = s**3 - 9*s**2 - s + 10. Let v be y(8). Let o be (-760)/(-4) + -1 + -4. Let n = v + o. Is n prime?
False
Suppose 7*d - 3 + 3 = 0. Suppose 11*w - 2*w - 2259 = d. Is w prime?
True
Let b = 6931 - -9400. Is b composite?
True
Is ((-310437)/18 - -13)/((-2)/4) a composite number?
True
Let r(f) = 21*f**2 - f - 1. Let l be 56/(-24) - 4/6. Is r(l) composite?
False
Let o(i) = -115*i - 14. Suppose 0 = -6*x + x - 20. Let n be o(x). Let f = n + -225. Is f prime?
False
Let w(f) = 129*f**2 - 23*f + 7. Is w(6) prime?
True
Let w(u) = -3*u - 6. Let l be w(-3). Suppose -l*n + 21 = -0*n. Suppose n*b - 2019 = 200. Is b prime?
True
Suppose 0 = 3*a - 8*a + 1430. Let h = 448 - a. Suppose -k - 7*q + h = -2*q, q = 1. Is k composite?
False
Let s(z) = -z**2 - 7*z + 57 - 29 - 42. Let b be s(-11). Is 2 + (-3 - b)*9 a prime number?
False
Is 4/(-12) - (12985/(-3) + 1) prime?
True
Let v = -3551 - -10099. Is 2/(-2 + 13104/v) prime?
True
Suppose -40*v = 2*x - 36*v - 52070, -4*v - 78155 = -3*x. Is x prime?
False
Suppose d + 1680 - 123 = 4*b, -5*b + 3*d = -1948. Is b a composite number?
False
Let z be 9/(-36) - 14658/(-8). Suppose 3*b = -3*d + 1110, 7*d = 2*d + b + z. Is d a composite number?
False
Let f(o) be the third derivative of 27*o**5/4 - o**4/12 - 43*o**2. Is f(-1) composite?
True
Let k(m) = m**2 - 4*m + 5. Let i be k(3). Suppose a = -i*a + 231. Is a a composite number?
True
Let o(t) = -4*t**3 + 3*t**2 - 20*t + 3. Let i be o(9). Let g = i + 4061. Is g a prime number?
False
Let h(t) = 2*t - 8. Let f be h(5). Suppose -f*d + 447 = d. Is d composite?
False
Let t(b) = -36*b - 4. Let n be t(-13). Suppose -c + r - 4*r + n = 0, 2*c - 4*r = 938. Is c a prime number?
True
Let c(m) = -3*m - m**2 + 18*m - 4 - 8*m - 2. Let y be c(5). Let k(w) = w**2 + w - 1. Is k(y) composite?
False
Let u(t) = 8 + 6 - 5 - 226*t. Let f be u(-4). Suppose 2*i - 5*y - 378 = 0, 5*i + 3*y - 94 - f = 0. Is i prime?
True
Let p = 28911 + -15530. Is p a composite number?
False
Let o(u) = -u**3 + 2*u**2 + 4*u - 3. Let i be o(3). Suppose i*a = 6*a - 1266. Is a a prime number?
True
Let o = 14 - 18. Let q be 101 + 2/o*6. Suppose 493 = 5*x + q. Is x a prime number?
True
Suppose 2*m + 83756 = 5*s, 5*s + 5*m - 83754 = 8*m. Suppose -3*w - s = -3*x, -2*x + 0*x + 5*w = -11171. Is x composite?
True
Let n = 8963 - 4554. Is n prime?
True
Suppose -b - 16 = -35. Is b composite?
False
Let q = -16 + 38. Let w be 4/q - (-4)/(-22). Suppose 0 = -w*k + 3*k - 3*i - 84, -3*i = 15. Is k prime?
True
Let c = 18374 + -9283. Is c a prime number?
True
Let i(z) = z**3 - 4*z**2 - 7*z - 6. Let b be i(6). Let m be 4/(b/(-15))*-136. Is m/6 + 2/6 composite?
True
Let q = 7 + -6. Let x = q + 2. Is (-1)/x - 430/(-30) a prime number?
False
Let b(w) be the first derivative of 5 + 5/3*w**3 - 5*w - 2*w**2. Is b(-4) composite?
True
Let b(y) = 24*y**2 + 9*y - 13. Is b(-16) a composite number?
False
Let n = -3193 + -288. Is n/(-4) + (-12)/(-16) composite?
True
Let f be 13 + -9 + (-3666)/(-3). Suppose -3*d + 4*d + f = 2*y, -3*y = -4*d - 1839. Is y a composite number?
False
Let q = 1454 - 4346. Is (q/8)/(1/(-2)) a composite number?
True
Suppose 0 = h - 2305 + 156. Suppose -2*z + h = 3*d, 0 = -4*z + d - 1973 + 6236. Is z a composite number?
True
Let x = 15 + -13. Let k be x/((8/147)/(-4)). Let y = 362 + k. Is y composite?
True
Let p(d) = -246*d**2 - 16*d - 16. Suppose -3*j = -2 - 7. Let b(g) = -49*g**2 - 3*g - 3. Let l(w) = j*p(w) - 16*b(w). Is l(1) composite?
True
Let o(n) = 3*n**3 + 11*n**2 - 33*n + 11. Is o(8) a prime number?
True
Let b(h) = -2*h**3 + 15*h**2 - 7*h + 2. Let t be b(7). Suppose 0 = -4*m - t*x - x + 1682, 5*m = -5*x + 2105. Is m a prime number?
True
Let n(m) = -m**2 - 13*m. Let x be n(-13). Suppose -4*t + 16 = x, 8*o + 3*t = 4*o + 16. Let a(j) = 27*j**2 - j. Is a(o) composite?
True
Let r = 89 - 53. Let k = 54 + -68. Let i = r + k. Is i composite?
True
Is 5*(3/(-